0, -3*h = 0. Let a = b - 134. Let c = 263 + a. What are the prime factors of c?
211
Let k be (-1 - -2)/(6 + 187/(-34)). Suppose -5 + 4109 = k*b. What are the prime factors of b?
2, 3, 19
Let t = -35 - 73. Let l = 172 + t. List the prime factors of l.
2
Suppose 4*w - 4*l - 11364 = 0, -8444 = -5*w - 2*l + 5740. List the prime factors of w.
2, 3, 11, 43
Let v = -4205 - -6220. Let t = v + -660. What are the prime factors of t?
5, 271
Suppose -35*a = -370139 - 294896. What are the prime factors of a?
19001
Suppose 3*k = -2*b + 53834, -b - 3*b = 8. What are the prime factors of k?
2, 3, 997
Let r(j) = -j**3 + 5*j**2 + 6*j - 31. Let s be r(5). Let k be -233 + ((-2)/2)/1. What are the prime factors of k/(-18) - (s + 5)?
3
Suppose -4*c = -k + 12, 4*c = -4*k + 2*k - 36. Let g be (k/(-4) - -1)/1 - -21. Suppose g*u - 28*u = -116. What are the prime factors of u?
29
Suppose -98*l = -91*l - 21. Suppose 4*s - 4*n - 1881 + 85 = 0, 0 = -l*s + 4*n + 1349. What are the prime factors of s?
3, 149
Let i = -3334 + 14021. List the prime factors of i.
10687
Suppose 4*x = 34 - 54, -3*p - x = -6793. What are the prime factors of p?
2, 11, 103
Suppose -42*l + 809372 + 289791 = -148447. List the prime factors of l.
5, 13, 457
Let b(k) = 13*k + 13. Let i be b(-1). List the prime factors of 1055/4 - (i - (-4)/(-16)).
2, 3, 11
Let r(n) = 25*n**2 - 20*n + 45. List the prime factors of r(5).
2, 3, 5, 19
Suppose 381969 = -170*i + 5237169. What are the prime factors of i?
2, 3, 5, 7, 17
Let y(d) be the second derivative of -d**5/20 - 25*d**4/12 + 4*d**3 + 21*d**2 + 3*d. List the prime factors of y(-26).
2, 47
Let y(d) = 10*d**3 - 11*d**2 - 20*d - 50. Let f(m) = m**3 - 2*m - 1. Let g(n) = -6*f(n) + y(n). List the prime factors of g(8).
2, 3, 103
Suppose 0 = -34*s + 44*s - 90. List the prime factors of (-19 - -1)*(51/s + -6).
2, 3
Suppose 0 = -h + 2*m + 68778, -4*h - 546*m + 275117 = -549*m. List the prime factors of h.
2, 5, 19, 181
Suppose 164*u = -82*u + 5751234. List the prime factors of u.
3, 7793
Let o(r) = -26 + 8*r + 80 + 123 - 42. List the prime factors of o(21).
3, 101
Let i(x) = -x**2 + 11*x - 63. Let d(k) = 3*k**2 - 21*k + 124. Let g(u) = 2*d(u) + 5*i(u). What are the prime factors of g(-36)?
761
Let v(k) be the second derivative of 23*k**4/3 - 2*k**3/3 + k**2 - 4*k - 20. What are the prime factors of v(2)?
2, 181
Suppose 5*p + 11871 = 4*r, -51*r + 50*r - 5*p + 2949 = 0. What are the prime factors of r?
2, 3, 13, 19
Let t(x) = -7*x - 64. Let g be t(-10). What are the prime factors of 5 + (g + 453)*3?
2, 691
Let x be 1/(-1 + 2/15*9). Suppose 0 = -3*o - x*b + 1314, 0*o + 3*o = 2*b + 1314. What are the prime factors of o?
2, 3, 73
Suppose -10*y = 5*n - 8*y - 19, n - 3*y = 14. Suppose -7*w + 12*w - 5*h - 1175 = 0, n*w - 1181 = 3*h. List the prime factors of w.
2, 7, 17
Let i(b) = 7*b**2 + b - 209. List the prime factors of i(-20).
3, 857
Suppose -3*b = 4*u - 7*b - 1672, -3*u = -5*b - 1246. Let m = 459 - u. List the prime factors of m.
37
Let d = 62 - 56. Suppose 2*s - 516 = -3*h + d*s, 5*h + 2*s = 860. Let q = -28 + h. What are the prime factors of q?
2, 3
Suppose -4*l - 2*d + 81924 = 0, 38*l - 36*l - 40974 = 5*d. List the prime factors of l.
2, 7, 11, 19
Let i = 288 + -423. Let s = 528 + i. What are the prime factors of s?
3, 131
Suppose 5*j + 2*g = 0, g = j - 2*j - 3. Suppose -100 = -y - 2*k, -433 = -2*y - j*y + 3*k. Let a = y + 1. What are the prime factors of a?
107
Let s = 141792 - 98774. List the prime factors of s.
2, 137, 157
Suppose 4*x + 38396 = 4*m, 55*m - 38372 = 51*m - 4*x. List the prime factors of m.
2, 2399
Suppose 186642 = 4*z - 2*y, 604*y + 139979 = 3*z + 602*y. List the prime factors of z.
46663
Let h(y) be the first derivative of y**4/4 - y**3 - 8*y**2 + 9*y - 45. List the prime factors of h(6).
3, 7
Let w = 698 - 38. Let q be (2/5)/(12/w). Suppose -678 = -3*u - 2*a, -q + 256 = u - 2*a. List the prime factors of u.
2, 3, 19
Suppose 4*r = -0*r + 172. Let o = -3 - -646. Suppose o = 8*w + r. What are the prime factors of w?
3, 5
List the prime factors of (-1239192)/(-540) + (-6)/(-5).
2, 7, 41
Let t be 110/(-4)*(1 + 1). Let g = 106 + t. Suppose 560 = -g*j + 56*j. List the prime factors of j.
2, 7
Suppose 0 = -2*j + 8*a + 13228, 18*a - 33118 = -5*j + 14*a. List the prime factors of j.
2, 7, 11, 43
Let x = 107510 + -71761. List the prime factors of x.
7, 5107
List the prime factors of (-17444)/(-10) - ((-42)/245 + 16/28).
2, 109
List the prime factors of 28/308*77 + (-2281)/(-1).
2, 11, 13
Suppose 0 = -2*l - 3718 + 44204. List the prime factors of l.
31, 653
Let g = 55 + -52. Suppose 0 = -g*b + 11*b - 160. Suppose 4*a + 364 = 2*v - 0*v, 5*a + b = 0. List the prime factors of v.
2, 3, 29
Let g(d) = 779*d**2 - 17*d. Let i(q) = -2338*q**2 + 51*q - 1. Let v(l) = -7*g(l) - 2*i(l). Let x be v(-6). What are the prime factors of x/(-165) + 4/(-30)?
2, 5, 17
Let l be (-2 + 4)*(-32)/(-72)*9. Let i(f) = 4*f**2 - 10*f + 20. List the prime factors of i(l).
2, 7
Let m(g) = -3*g**2 + 7*g + 9. Let l be m(3). Let k(s) = 18*s**2 - 17*s + 4. What are the prime factors of k(l)?
5, 23
Let r(x) = 159*x - 3485. Let i be r(22). Let w be ((-3)/(-2))/(3/(-4)). List the prime factors of (-71 - 1)*(i/w + 4).
2, 3, 5
Let d(r) = r**3 - 3*r**2 - r - 4. Let y(t) be the second derivative of -5*t**3/6 - 15*t**2/2 + 12*t - 2. Let g be y(-4). What are the prime factors of d(g)?
41
Let b be -111 + (-4 - -3)*-6. What are the prime factors of (-41460)/b + (0 - 2/(-14))?
5, 79
Let n(q) = -q + 13*q**2 + 0*q**2 - 2*q**2 + 80 + 12*q**2 - 7*q**2. What are the prime factors of n(8)?
2, 137
Suppose -60*m + 53*m + 28714 = 0. Suppose -27*q + 14555 + m = 0. List the prime factors of q.
691
Suppose 15*s - 188437 - 5513 = 0. List the prime factors of s.
2, 3, 5, 431
Suppose -3*u - 4*s - 944 = 0, 3*u - 2*u + 4*s + 312 = 0. Let d = u + 981. What are the prime factors of d?
5, 7, 19
Let g = 189 - 114. Suppose 12*i + g = 7*i. What are the prime factors of (-2600)/i*12/10?
2, 13
Let q be (-112 + -2)*4/(-2). List the prime factors of ((-5)/4)/(9/(-18))*q.
2, 3, 5, 19
Let y = 12309 + -6000. List the prime factors of y.
3, 701
Let o be (-2)/17 - 25850/(-374). What are the prime factors of (o - 74)/(1/(-106))?
2, 5, 53
Suppose -u - 11 + 14 = 0. Suppose 9 = u*k + 2*z, 2*k + 5*z - 6 = 2*z. List the prime factors of 0 - (-110 - 1)/k.
37
Let a(z) = 634*z**2 - 4*z + 2. Let x be a(-4). Suppose -24*b = -2462 - x. List the prime factors of b.
2, 263
Let j = 415 + -421. List the prime factors of (-1196)/39*j/4.
2, 23
Suppose -128 + 132 = b. Suppose 0*q + b*q - 3274 = 5*a, 2*a = -q + 825. What are the prime factors of q?
821
Let z be -5*3/(-45)*-3. Let j be z*((-6 - -4) + -786). Suppose 8*f - j - 84 = 0. What are the prime factors of f?
109
Let c(a) = -a**3 + 12*a**2 + 16*a - 35. Let s be c(13). Suppose s*f = 5*l - 1637, -334 = 6*l - 7*l + 3*f. List the prime factors of l.
5, 13
Let s = -663 + 12368. List the prime factors of s.
5, 2341
Let s = 267 - 260. Let h(d) = 15*d**2 - 22*d + 1. What are the prime factors of h(s)?
2, 3, 97
What are the prime factors of 8/(-10)*-8083 + (-1)/((-125)/75)?
29, 223
List the prime factors of (-9 + 11 + -1)*(3 - -22754).
7, 3251
Let i be (-6)/(5/4 + -2) + -3. Suppose -i*w - f = 503, 107 = -w - 3*f + 6*f. List the prime factors of (2/(-4)*w)/(3/6).
101
Let h be 95/2*(-4)/(-5). Let o(z) = z**3 + 7*z**2 + 18*z + 159. Let g be o(-7). Suppose -h = -f + g. What are the prime factors of f?
71
Suppose -24*c = 52*c - 875216. List the prime factors of c.
2, 2879
Let c be (-3)/((-9)/(-12)*2). Let q be 0 - 840*(c - -1). Suppose -9*z + q = -3*z. List the prime factors of z.
2, 5, 7
List the prime factors of (-3)/(36/28)*1*-342.
2, 3, 7, 19
Let r be 2 + -63 + 12/(-4)*-1. Let v = 64 + r. Let n(w) = 12*w - 42. List the prime factors of n(v).
2, 3, 5
Let y be 2/(-5) + 82/5. Suppose -y*j = -13*j - 69. Let h = j + 15. List the prime factors of h.
2, 19
Let s(m) = 1793*m**3 + 5*m**2 - m - 2. Let t be s(1). Let v = t + -870. List the prime factors of v.
5, 37
Let x = -22 + 51. Let y = -29 + x. Suppose -m + 1 = -s - 6*m, y = s + 2*m - 2. List the prime factors of s.
2
Suppose 5*m - 321 = -l, -m = -3*m - 3*l + 131. Suppose 0 = -6*a - m - 14. What are the prime factors of a*(-3)/(6/4)?
2, 13
Let y(w) = w**2 + 8